[INFO] cloning repository https://github.com/mikeyhew/warp-tuple-error
[INFO] running `Command { std: "git" "-c" "credential.helper=" "-c" "credential.helper=/workspace/cargo-home/bin/git-credential-null" "clone" "--bare" "https://github.com/mikeyhew/warp-tuple-error" "/workspace/cache/git-repos/https%3A%2F%2Fgithub.com%2Fmikeyhew%2Fwarp-tuple-error", kill_on_drop: false }`
[INFO] [stderr] Cloning into bare repository '/workspace/cache/git-repos/https%3A%2F%2Fgithub.com%2Fmikeyhew%2Fwarp-tuple-error'...
[INFO] running `Command { std: "git" "rev-parse" "HEAD", kill_on_drop: false }`
[INFO] [stdout] 192d6f15209a69ab303e26ccd05613b6330b2e33
[INFO] checking mikeyhew/warp-tuple-error against master#cfbc6d4cf1acbac5c025acf8ed68929caa551df3 for pr-75494-beta
[INFO] running `Command { std: "git" "clone" "/workspace/cache/git-repos/https%3A%2F%2Fgithub.com%2Fmikeyhew%2Fwarp-tuple-error" "/workspace/builds/worker-4/source", kill_on_drop: false }`
[INFO] [stderr] Cloning into '/workspace/builds/worker-4/source'...
[INFO] [stderr] done.
[INFO] validating manifest of git repo https://github.com/mikeyhew/warp-tuple-error on toolchain cfbc6d4cf1acbac5c025acf8ed68929caa551df3
[INFO] running `Command { std: "/workspace/cargo-home/bin/cargo" "+cfbc6d4cf1acbac5c025acf8ed68929caa551df3" "read-manifest" "--manifest-path" "Cargo.toml", kill_on_drop: false }`
[INFO] started tweaking git repo https://github.com/mikeyhew/warp-tuple-error
[INFO] finished tweaking git repo https://github.com/mikeyhew/warp-tuple-error
[INFO] tweaked toml for git repo https://github.com/mikeyhew/warp-tuple-error written to /workspace/builds/worker-4/source/Cargo.toml
[INFO] crate git repo https://github.com/mikeyhew/warp-tuple-error already has a lockfile, it will not be regenerated
[INFO] running `Command { std: "/workspace/cargo-home/bin/cargo" "+cfbc6d4cf1acbac5c025acf8ed68929caa551df3" "fetch" "--locked" "--manifest-path" "Cargo.toml", kill_on_drop: false }`
[INFO] [stderr]  Downloading crates ...
[INFO] [stderr]   Downloaded headers v0.3.1
[INFO] [stderr]   Downloaded warp v0.2.1
[INFO] [stderr]   Downloaded tungstenite v0.9.2
[INFO] [stderr]   Downloaded hyper v0.13.2
[INFO] running `Command { std: "docker" "create" "-v" "/var/lib/crater-agent-workspace/builds/worker-4/target:/opt/rustwide/target:rw,Z" "-v" "/var/lib/crater-agent-workspace/builds/worker-4/source:/opt/rustwide/workdir:ro,Z" "-v" "/var/lib/crater-agent-workspace/cargo-home:/opt/rustwide/cargo-home:ro,Z" "-v" "/var/lib/crater-agent-workspace/rustup-home:/opt/rustwide/rustup-home:ro,Z" "-e" "SOURCE_DIR=/opt/rustwide/workdir" "-e" "CARGO_TARGET_DIR=/opt/rustwide/target" "-e" "CARGO_HOME=/opt/rustwide/cargo-home" "-e" "RUSTUP_HOME=/opt/rustwide/rustup-home" "-w" "/opt/rustwide/workdir" "-m" "1610612736" "--user" "0:0" "--network" "none" "rustops/crates-build-env@sha256:a636fd89d022f18117e1dc8fb37a0a009933cdbbe082814857f0e2024962d47c" "/opt/rustwide/cargo-home/bin/cargo" "+cfbc6d4cf1acbac5c025acf8ed68929caa551df3" "metadata" "--no-deps" "--format-version=1", kill_on_drop: false }`
[INFO] [stdout] f449ebd28d81bf779dd1638aa7d2fce3e32e0d355c6fcd02ef19c797c4ee69f5
[INFO] [stderr] WARNING: Your kernel does not support swap limit capabilities or the cgroup is not mounted. Memory limited without swap.
[INFO] running `Command { std: "docker" "start" "-a" "f449ebd28d81bf779dd1638aa7d2fce3e32e0d355c6fcd02ef19c797c4ee69f5", kill_on_drop: false }`
[INFO] running `Command { std: "docker" "inspect" "f449ebd28d81bf779dd1638aa7d2fce3e32e0d355c6fcd02ef19c797c4ee69f5", kill_on_drop: false }`
[INFO] running `Command { std: "docker" "rm" "-f" "f449ebd28d81bf779dd1638aa7d2fce3e32e0d355c6fcd02ef19c797c4ee69f5", kill_on_drop: false }`
[INFO] [stdout] f449ebd28d81bf779dd1638aa7d2fce3e32e0d355c6fcd02ef19c797c4ee69f5
[INFO] running `Command { std: "docker" "create" "-v" "/var/lib/crater-agent-workspace/builds/worker-4/target:/opt/rustwide/target:rw,Z" "-v" "/var/lib/crater-agent-workspace/builds/worker-4/source:/opt/rustwide/workdir:ro,Z" "-v" "/var/lib/crater-agent-workspace/cargo-home:/opt/rustwide/cargo-home:ro,Z" "-v" "/var/lib/crater-agent-workspace/rustup-home:/opt/rustwide/rustup-home:ro,Z" "-e" "SOURCE_DIR=/opt/rustwide/workdir" "-e" "CARGO_TARGET_DIR=/opt/rustwide/target" "-e" "CARGO_INCREMENTAL=0" "-e" "RUST_BACKTRACE=full" "-e" "RUSTFLAGS=--cap-lints=forbid" "-e" "CARGO_HOME=/opt/rustwide/cargo-home" "-e" "RUSTUP_HOME=/opt/rustwide/rustup-home" "-w" "/opt/rustwide/workdir" "-m" "1610612736" "--user" "0:0" "--network" "none" "rustops/crates-build-env@sha256:a636fd89d022f18117e1dc8fb37a0a009933cdbbe082814857f0e2024962d47c" "/opt/rustwide/cargo-home/bin/cargo" "+cfbc6d4cf1acbac5c025acf8ed68929caa551df3" "check" "--frozen" "--all" "--all-targets" "--message-format=json", kill_on_drop: false }`
[INFO] [stdout] 66d01e40a07f29343f4e4901f1f76ee25c09512a4bd6dd541450add785f9955d
[INFO] [stderr] WARNING: Your kernel does not support swap limit capabilities or the cgroup is not mounted. Memory limited without swap.
[INFO] running `Command { std: "docker" "start" "-a" "66d01e40a07f29343f4e4901f1f76ee25c09512a4bd6dd541450add785f9955d", kill_on_drop: false }`
[INFO] [stderr]     Checking cfg-if v0.1.10
[INFO] [stderr]    Compiling rand_core v0.4.2
[INFO] [stderr]    Compiling version_check v0.1.5
[INFO] [stderr]    Compiling log v0.4.8
[INFO] [stderr]    Compiling proc-macro2 v1.0.8
[INFO] [stderr]    Compiling unicode-xid v0.2.0
[INFO] [stderr]     Checking itoa v0.4.5
[INFO] [stderr]     Checking fnv v1.0.6
[INFO] [stderr]    Compiling memchr v2.3.0
[INFO] [stderr]    Compiling syn v1.0.14
[INFO] [stderr]     Checking bytes v0.5.4
[INFO] [stderr]    Compiling typenum v1.11.2
[INFO] [stderr]     Checking futures-core v0.3.4
[INFO] [stderr]    Compiling siphasher v0.2.3
[INFO] [stderr]    Compiling version_check v0.9.1
[INFO] [stderr]     Checking futures-sink v0.3.4
[INFO] [stderr]    Compiling autocfg v1.0.0
[INFO] [stderr]     Checking smallvec v1.2.0
[INFO] [stderr]    Compiling httparse v1.3.4
[INFO] [stderr]     Checking slab v0.4.2
[INFO] [stderr]     Checking lazy_static v1.4.0
[INFO] [stderr]     Checking pin-utils v0.1.0-alpha.4
[INFO] [stderr]     Checking pin-project-lite v0.1.4
[INFO] [stderr]    Compiling ryu v1.0.2
[INFO] [stderr]     Checking safemem v0.3.3
[INFO] [stderr]     Checking mime v0.3.16
[INFO] [stderr]     Checking try-lock v0.2.2
[INFO] [stderr]     Checking base64 v0.11.0
[INFO] [stderr]     Checking tower-service v0.3.0
[INFO] [stderr]     Checking dtoa v0.4.5
[INFO] [stderr]     Checking futures-io v0.3.4
[INFO] [stderr]     Checking scoped-tls v1.0.0
[INFO] [stderr]     Checking urlencoding v1.0.0
[INFO] [stderr]    Compiling rand_chacha v0.1.1
[INFO] [stderr]    Compiling rand_pcg v0.1.2
[INFO] [stderr]    Compiling rand v0.6.5
[INFO] [stderr]     Checking block-padding v0.1.5
[INFO] [stderr]     Checking futures-channel v0.3.4
[INFO] [stderr]    Compiling rand_core v0.3.1
[INFO] [stderr]    Compiling rand_jitter v0.1.4
[INFO] [stderr]     Checking futures-util v0.3.4
[INFO] [stderr]     Checking unicode-normalization v0.1.12
[INFO] [stderr]     Checking http v0.2.0
[INFO] [stderr]    Compiling unicase v1.4.2
[INFO] [stderr]     Checking iovec v0.1.4
[INFO] [stderr]     Checking getrandom v0.1.14
[INFO] [stderr]     Checking net2 v0.2.33
[INFO] [stderr]     Checking rand_os v0.1.3
[INFO] [stderr]     Checking time v0.1.42
[INFO] [stderr]    Compiling rand_xorshift v0.1.1
[INFO] [stderr]    Compiling rand_hc v0.1.0
[INFO] [stderr]    Compiling rand_isaac v0.1.1
[INFO] [stderr]    Compiling unicase v2.6.0
[INFO] [stderr]     Checking bytes v0.4.12
[INFO] [stderr]    Compiling indexmap v1.3.2
[INFO] [stderr]     Checking log v0.3.9
[INFO] [stderr]     Checking want v0.3.0
[INFO] [stderr]     Checking rand_core v0.5.1
[INFO] [stderr]     Checking twoway v0.1.8
[INFO] [stderr]     Checking buf_redux v0.8.4
[INFO] [stderr]     Checking mio v0.6.21
[INFO] [stderr]     Checking mime v0.2.6
[INFO] [stderr]     Checking rand_chacha v0.2.1
[INFO] [stderr]     Checking serde_json v1.0.47
[INFO] [stderr]     Checking phf_shared v0.7.24
[INFO] [stderr]     Checking input_buffer v0.2.0
[INFO] [stderr]     Checking http v0.1.21
[INFO] [stderr]     Checking rand v0.7.3
[INFO] [stderr]    Compiling quote v1.0.2
[INFO] [stderr]     Checking phf v0.7.24
[INFO] [stderr]     Checking idna v0.2.0
[INFO] [stderr]    Compiling mime_guess v2.0.1
[INFO] [stderr]     Checking generic-array v0.12.3
[INFO] [stderr]     Checking digest v0.8.1
[INFO] [stderr]     Checking block-buffer v0.7.3
[INFO] [stderr]     Checking sha-1 v0.8.2
[INFO] [stderr]    Compiling phf_generator v0.7.24
[INFO] [stderr]     Checking url v2.1.1
[INFO] [stderr]    Compiling phf_codegen v0.7.24
[INFO] [stderr]     Checking tempfile v3.1.0
[INFO] [stderr]     Checking futures v0.3.4
[INFO] [stderr]    Compiling mime_guess v1.8.7
[INFO] [stderr]     Checking headers-core v0.2.0
[INFO] [stderr]     Checking http-body v0.3.1
[INFO] [stderr]     Checking headers v0.3.1
[INFO] [stderr]     Checking serde_urlencoded v0.6.1
[INFO] [stderr]     Checking tungstenite v0.9.2
[INFO] [stderr]     Checking multipart v0.16.1
[INFO] [stderr]    Compiling tokio-macros v0.2.4
[INFO] [stderr]    Compiling pin-project-internal v0.4.8
[INFO] [stderr]     Checking tokio v0.2.11
[INFO] [stderr]     Checking pin-project v0.4.8
[INFO] [stderr]     Checking tokio-util v0.2.0
[INFO] [stderr]     Checking h2 v0.2.1
[INFO] [stderr]     Checking hyper v0.13.2
[INFO] [stderr]     Checking warp v0.2.1
[INFO] [stderr]     Checking foo v0.1.0 (/opt/rustwide/workdir)
[INFO] [stdout] error[E0277]: the trait bound `impl warp::Reply: warp::generic::Tuple` is not satisfied
[INFO] [stdout]   --> src/main.rs:11:23
[INFO] [stdout]    |
[INFO] [stdout] 11 |     warp::path("api").and(list_todos())
[INFO] [stdout]    |                       ^^^ the trait `warp::generic::Tuple` is not implemented for `impl warp::Reply`
[INFO] [stdout] 
[INFO] [stdout] 
[INFO] [stdout] error[E0277]: the trait bound `impl warp::Reply: warp::generic::Tuple` is not satisfied
[INFO] [stdout]   --> src/main.rs:10:21
[INFO] [stdout]    |
[INFO] [stdout] 10 | fn main_filter() -> impl warp::Filter<Extract = impl warp::Reply, Error = warp::Rejection> + Clone {
[INFO] [stdout]    |                     ^^^^^^^^^^^^^^^^^^^^^^^^^^^^^^^^^^^^^^^^^^^^^^^^^^^^^^^^^^^^^^^^^^^^^^^^^^^^^^ the trait `warp::generic::Tuple` is not implemented for `impl warp::Reply`
[INFO] [stdout] 11 |     warp::path("api").and(list_todos())
[INFO] [stdout]    |     ----------------------------------- this returned value is of type `warp::filter::and::And<warp::path::Exact<warp::path::internal::Opaque<&str>>, impl std::clone::Clone+warp::Filter>`
[INFO] [stdout]    |
[INFO] [stdout]    = note: required because of the requirements on the impl of `warp::filter::FilterBase` for `warp::filter::and::And<warp::path::Exact<warp::path::internal::Opaque<&str>>, impl std::clone::Clone+warp::Filter>`
[INFO] [stdout]    = note: the return type of a function must have a statically known size
[INFO] [stdout] 
[INFO] [stdout] 
[INFO] [stderr] error: could not compile `foo`.
[INFO] [stdout] error: aborting due to 2 previous errors
[INFO] [stdout] 
[INFO] [stdout] 
[INFO] [stderr] 
[INFO] [stdout] For more information about this error, try `rustc --explain E0277`.
[INFO] [stdout] 
[INFO] [stderr] To learn more, run the command again with --verbose.
[INFO] [stderr] warning: build failed, waiting for other jobs to finish...
[INFO] [stdout] error[E0277]: the trait bound `impl warp::Reply: warp::generic::Tuple` is not satisfied
[INFO] [stdout]   --> src/main.rs:11:23
[INFO] [stdout]    |
[INFO] [stdout] 11 |     warp::path("api").and(list_todos())
[INFO] [stdout]    |                       ^^^ the trait `warp::generic::Tuple` is not implemented for `impl warp::Reply`
[INFO] [stdout] 
[INFO] [stdout] 
[INFO] [stdout] error[E0277]: the trait bound `impl warp::Reply: warp::generic::Tuple` is not satisfied
[INFO] [stdout]   --> src/main.rs:10:21
[INFO] [stdout]    |
[INFO] [stdout] 10 | fn main_filter() -> impl warp::Filter<Extract = impl warp::Reply, Error = warp::Rejection> + Clone {
[INFO] [stdout]    |                     ^^^^^^^^^^^^^^^^^^^^^^^^^^^^^^^^^^^^^^^^^^^^^^^^^^^^^^^^^^^^^^^^^^^^^^^^^^^^^^ the trait `warp::generic::Tuple` is not implemented for `impl warp::Reply`
[INFO] [stdout] 11 |     warp::path("api").and(list_todos())
[INFO] [stdout]    |     ----------------------------------- this returned value is of type `warp::filter::and::And<warp::path::Exact<warp::path::internal::Opaque<&str>>, impl std::clone::Clone+warp::Filter>`
[INFO] [stdout]    |
[INFO] [stdout]    = note: required because of the requirements on the impl of `warp::filter::FilterBase` for `warp::filter::and::And<warp::path::Exact<warp::path::internal::Opaque<&str>>, impl std::clone::Clone+warp::Filter>`
[INFO] [stdout]    = note: the return type of a function must have a statically known size
[INFO] [stdout] 
[INFO] [stdout] 
[INFO] [stdout] error: aborting due to 2 previous errors
[INFO] [stdout] 
[INFO] [stdout] 
[INFO] [stdout] For more information about this error, try `rustc --explain E0277`.
[INFO] [stdout] 
[INFO] [stderr] error: build failed
[INFO] running `Command { std: "docker" "inspect" "66d01e40a07f29343f4e4901f1f76ee25c09512a4bd6dd541450add785f9955d", kill_on_drop: false }`
[INFO] running `Command { std: "docker" "rm" "-f" "66d01e40a07f29343f4e4901f1f76ee25c09512a4bd6dd541450add785f9955d", kill_on_drop: false }`
[INFO] [stdout] 66d01e40a07f29343f4e4901f1f76ee25c09512a4bd6dd541450add785f9955d
